- 17, -m*d + 15 = 0. Let k = 42 - 14. Calculate the remainder when x is divided by k.
26
Let h(p) = 2*p**3 - 5*p**2 + 4*p - 25. Calculate the remainder when h(5) is divided by 11.
10
Let h = 2653 + -2618. What is the remainder when 44 is divided by h?
9
Suppose -o - 643*t = -647*t - 876, -3385 = -4*o - t. Calculate the remainder when o is divided by 69.
20
Suppose 4*t = w + 12, -w + 0 + 6 = 2*t. Suppose -19 = -4*l - t*a, 2*l + a + 3 = 3*l. Suppose 0 = l*s - 197 + 13. What is the remainder when s is divided by 12?
10
Let v(s) = s**3 + 15*s**2 + 13*s - 39. Let q be v(-15). Let c = q - -246. What is the remainder when 23 is divided by c?
11
Let j = -2772 + 2927. Calculate the remainder when j is divided by 20.
15
Let j be (5/10)/((-49)/(-48) - 1). Suppose -j*f = 314 - 2162. Calculate the remainder when f is divided by 16.
13
Let p be (-30)/18*-141 + -2. Let h = p - 218. What is the remainder when 374 is divided by h?
14
Suppose 5*v = 5*i + 65, 0*i + 28 = 4*v + 4*i. Calculate the remainder when 66 + (8 - (4 + 3 + -1)) is divided by v.
8
Let f = -126 - -1242. Suppose -f = 7*b - 16*b. Let r = b + -98. What is the remainder when r is divided by 9?
8
Let h = 697 + -430. Suppose -5*r - x = -143, 5*r + 19*x - 16*x - 129 = 0. What is the remainder when h is divided by r?
27
Let h(x) = 48*x + 3012. Calculate the remainder when 405 is divided by h(-58).
177
Let y(h) = -20*h + 518. What is the remainder when y(0) is divided by 344?
174
Calculate the remainder when 1050 is divided by (195/20)/(-13) + 3 + (-57)/(-12).
0
Suppose 1184 = -2*g + 2*o, 5*g + 106*o + 2976 = 103*o. Let j = g + 654. What is the remainder when j is divided by 16?
12
Let x be (-1)/3 + (-40)/24 + 4. Suppose -x*h + 7*h = 175. Calculate the remainder when 66 is divided by h.
31
Suppose -4*o - 59 = -3*q - 14, o - 6 = -5*q. What is the remainder when (468/(-81))/(2/o) is divided by 7?
5
Let z(i) = -2*i**2 + 7*i + 195. Calculate the remainder when 10964 is divided by z(-8).
8
Let n = -9129 - -10190. What is the remainder when n is divided by 1058?
3
Let x(a) = -6*a - 26. Let g be x(20). Let q = 154 + g. What is the remainder when q is divided by (1/(-3))/((-3)/63)?
1
Let t(s) = 5*s**2 + 33*s + 101. Calculate the remainder when 137 is divided by t(-5).
15
Let i(a) = -3*a**3 + 70*a**2 + 119*a + 42. Let m be i(25). Let k = -88 - -202. Let r = k + m. Calculate the remainder when 8 is divided by r.
2
Suppose -3*t + 5*w + 75 = 0, -7*w + 12 = -11*w. Let j = t - 1. Calculate the remainder when 31 is divided by j.
12
What is the remainder when -14 + (-833)/(-68) - (-1098)/24 is divided by (-1)/5 + (-498)/(-15)?
11
Let r(q) = -2*q**2 - 2*q. Let b(z) = z**2 - 21*z + 15. Let l(s) = b(s) - 4*r(s). Calculate the remainder when l(6) is divided by 12.
9
Suppose 6167 = 103*j + 1532. What is the remainder when 357 is divided by j?
42
Let n(s) = 7380*s - 13203. What is the remainder when n(5) is divided by 34?
33
Let n be -22 + (0 + 4/4)/1. Let l be (-6)/(-2) - (n + 23). What is the remainder when 4/3*12/l is divided by 9?
7
Calculate the remainder when (-2)/(3/3)*28872/(-144) is divided by 171.
59
Let a(u) = 3*u**2 + 37*u - 23. Suppose -3*p = l + 17, 12*l + 23 = 10*l + 5*p. Suppose 3*b = 24 + 9. What is the remainder when a(l) is divided by b?
3
Suppose 5*s + d + 24 = 57, -4*d = -5*s + 18. Suppose 234 = 4*q + 5*n, -3*q = -s*q - 4*n + 175. What is the remainder when 174 is divided by q?
52
Calculate the remainder when (-1050)/(-21)*801/18 is divided by 738.
11
Suppose 23*w - 19*w = 4*q - 1120, -4*q - 5*w + 1102 = 0. What is the remainder when 1049 is divided by q?
215
Let d(h) = h**2 - 9*h + 1. Let i be d(4). Let l(r) = 2*r + 44. Let g be l(i). Suppose 19 = g*v - 323. What is the remainder when v is divided by 29?
28
Let z = -3292 - -3518. What is the remainder when z is divided by 51?
22
Suppose -5*f = -4*m - 678, 0 = f + 5*m - 43 - 110. Suppose f*u - 139*u = -173. What is the remainder when u is divided by 45?
38
Let z be (-7)/((-28)/(-16)) + 5 + -2. Calculate the remainder when (-348)/z + (-1 - -3) is divided by 27.
26
Let x = -4277 + 4300. Let a = 550 - 6. Calculate the remainder when (-1)/(3 - a/180) is divided by x.
22
Suppose -10164 = -71*n + 1866 - 1877. Calculate the remainder when 144 is divided by n.
1
Let t be 2/(-3) + 20/3. Suppose -70 = t*s - 11*s. Calculate the remainder when (44/(-8))/(-11)*66 - 0 is divided by s.
5
Let l(p) = 14239*p + 114090. Suppose -180 = -0*m - 2*m. Calculate the remainder when l(-8) is divided by m.
88
Let q(y) = -9*y - 26. Suppose 0 = -17*z + 18*z + 17. Let l be q(z). Let k = l + -88. Calculate the remainder when k is divided by 7.
4
Let a(o) = o**3 + 8*o**2 + 2*o - 12. Let q be a(-7). Suppose 0 = 22*x - q*x - 48. Let m = x + 227. Calculate the remainder when m is divided by 26.
23
Let b = 670 + -27. Calculate the remainder when b is divided by 23.
22
Suppose -66*c - 3*j + 5109 = -63*c, -3*c + 5*j + 5141 = 0. Calculate the remainder when c is divided by 45.
42
Suppose 28*x - 81 = 25*x. Let v = -142 - -247. Calculate the remainder when v is divided by x.
24
Suppose 2151 = 6*u - 939 + 636. Calculate the remainder when u is divided by 18.
13
Let j(b) = -512*b + 2589. Calculate the remainder when j(-9) is divided by 144.
141
Let q = 81 + -65. Let p be -5 - ((-4)/4 - -4). Calculate the remainder when (-374)/p - 5/(-20) is divided by q.
15
Let o be 9/((-8)/(-6)*(-11)/(-44)). Suppose 26*v - o*v + 12 = 0. What is the remainder when 141 is divided by v?
9
Let c(l) = 7*l**2 - 50*l + 176. Let h be c(4). Suppose 5*s + h = 2*r - 355, 5 = -s. What is the remainder when r is divided by 54?
47
Let y = 7862 - 7008. Calculate the remainder when y is divided by 13.
9
Suppose -1814 + 7414 = 80*v. Calculate the remainder when 363 is divided by v.
13
Let g(j) = -162*j + 9238. Calculate the remainder when 991 is divided by g(56).
161
Suppose 8*t - 4 = 36. Suppose -3*a = -t*a + 326. Suppose 3*l - 55 = -2*l. What is the remainder when a is divided by l?
9
Let g(c) = -6*c**2 + 843*c - 384. Let f = -292 + 506. Calculate the remainder when f is divided by g(140).
34
Let z = 198 - -556. What is the remainder when z is divided by 5?
4
Let n(x) = 5*x**2 - 3*x - 1. Calculate the remainder when n(-4) is divided by ((-4)/(-11))/((-62)/(-7843)).
45
Suppose -37*x + 16*x = -903. Calculate the remainder when 370 is divided by -2 + (-5)/(-1) + x + 7.
52
Suppose -138*u + 2*y + 154 = -136*u, y - 118 = -2*u. Let b(s) = -7*s + 4. Calculate the remainder when u is divided by b(-4).
1
Suppose 6580 = 48*u - 3*u - 3230. What is the remainder when u is divided by 38?
28
Suppose 30*c + 26 = 31*c. Let j(g) = g**2 - 2*g + 6. Let h be j(0). What is the remainder when (h - 9/3)/((-6)/(-74)) is divided by c?
11
Suppose 8*d - 17 - 23 = 0. Suppose 0 = x + 2*x - 9, 5*x - 12 = h. Let z = 12 - h. What is the remainder when z is divided by d?
4
Suppose -14*y + 75 = y. Let l(f) = f**2 - 2*f - 13. Let n be l(y). Suppose 36 = 5*a - n*a. What is the remainder when 46 is divided by a?
10
Suppose 89*c + 5*m + 572 = 91*c, -5*m = -4*c + 1104. Calculate the remainder when c is divided by 101.
64
Suppose -2*h + 8 = -0. Let v(j) = -5*j + 79. Let t be (-114)/(-9) + -4 - (-4)/(-6). What is the remainder when v(t) is divided by h?
3
Let r(d) = 106*d - 999. Calculate the remainder when 1156 is divided by r(10).
58
Let y be (-10)/20 - (375/2)/(-3). Suppose -5*a = -322 + y. Let s = a - 36. Calculate the remainder when s is divided by 7.
2
Let o(r) be the second derivative of r**4/12 + 8*r**3/3 + 26*r**2 + 160*r. What is the remainder when 218 is divided by o(-13)?
10
Suppose -5*x + d = -213, 0 = 9*x - 13*x + 4*d + 180. Let n(u) = -u - 2. Let s be n(-5). Calculate the remainder when x is divided by -2 - -5 - s - -9.
6
Let g = 90 + -50. Calculate the remainder when (-3)/(-9 - -12)*(-1 + -237) is divided by g.
38
Suppose -82 - 452 = -17*c - 7. What is the remainder when 93 is divided by c?
0
Let s(q) = q**3 - 138*q**2 - 107*q - 4430. Calculate the remainder when 3895 is divided by s(139).
7
What is the remainder when (-15 - 1132/(-76)) + 122820/38 is divided by 42?
40
Let v(u) = -4*u**3 + u**2 + 1. Let c be v(2). Let n = 175 - 140. What is the remainder when (-6)/27 + (-1842)/c is divided by n?
33
Let z = -316 + 415. Suppose 0 = -16*w + z + 45. 